{"id":913,"date":"2012-10-09T21:40:00","date_gmt":"2012-10-09T19:40:00","guid":{"rendered":"http:\/\/eclipses.eu\/?page_id=913"},"modified":"2017-06-11T21:31:15","modified_gmt":"2017-06-11T19:31:15","slug":"fotografowanie-zacmien","status":"publish","type":"page","link":"https:\/\/eclipses.eu\/index.php\/fotografowanie-zacmien\/?lang=pl","title":{"rendered":"Fotografowanie za\u0107mie\u0144"},"content":{"rendered":"Poni\u017cej podajemy typowe, sugerowane czasy kombinacje czasu ekspozycji \/ przes\u0142ony i czu\u0142o\u015bci sensora \/ filmu dla r\u00f3\u017cnych etap\u00f3w za\u0107mienia. Pami\u0119taj, \u017ce s\u0105 to sugestie, kt\u00f3re nale\u017cy zweryfikowa\u0107 &#8211; optymalnie w fazie za\u0107mienia cz\u0119\u015bciowego lub po prostu fotografuj\u0105c S\u0142o\u0144ce (pozycja &#8222;cz\u0119\u015bciowe ND 5,0&#8221; odnosi si\u0119 do sytucaji w kt\u00f3rej tarcza S\u0142o\u0144ca jest cz\u0119\u015bciowo lub ca\u0142kowicie ods\u0142oni\u0119ta, natomiast obiektyw jest zaktyty foli\u0105 ND 5,0).<\/p>\n<p>O ile tylko mamy tak\u0105 mo\u017cliwo\u015b\u0107 fotografujmy w RAWach bowiem format ten ma znacz\u0105co wi\u0119kszy zakres dynamiczny, co pozwoli, w razie spud\u0142owania z ekspozycj\u0105 odzyska\u0107 cz\u0119\u015b\u0107 przynamniej danych<\/p>\n<p>&nbsp;<\/p>\n<p>Kalkulator czasu na\u015bwietlania dla za\u0107mie\u0144 S\u0142o\u0144ca:<\/p>\n<table frame=\"VOID\" rules=\"NONE\" cellspacing=\"0\" border=\"0\">\n<colgroup>\n<col width=\"117\">\n<col width=\"42\">\n<col width=\"66\">\n<col width=\"66\">\n<col width=\"66\">\n<col width=\"66\">\n<col width=\"66\">\n<col width=\"66\">\n<col width=\"66\">\n<col width=\"66\"><\/colgroup>\n<tbody>\n<tr>\n<td width=\"117\" align=\"CENTER\" height=\"17\">ISO<\/td>\n<td width=\"42\" align=\"CENTER\">&nbsp;<\/td>\n<td colspan=\"8\" width=\"524\" align=\"CENTER\">przes\u0142ona<\/td>\n<\/tr>\n<tr>\n<td align=\"CENTER\" height=\"17\">100<\/td>\n<td align=\"CENTER\">&nbsp;<\/td>\n<td align=\"CENTER\">2,8<\/td>\n<td align=\"CENTER\">4<\/td>\n<td align=\"CENTER\">5,6<\/td>\n<td align=\"CENTER\">8<\/td>\n<td align=\"CENTER\">11<\/td>\n<td align=\"CENTER\">16<\/td>\n<td align=\"CENTER\">22<\/td>\n<td align=\"CENTER\">32<\/td>\n<\/tr>\n<tr>\n<td bgcolor=\"#E6E6E6\" align=\"CENTER\" height=\"17\">200<\/td>\n<td bgcolor=\"#E6E6E6\" align=\"CENTER\">&nbsp;<\/td>\n<td bgcolor=\"#E6E6E6\" align=\"CENTER\">4<\/td>\n<td bgcolor=\"#E6E6E6\" align=\"CENTER\">5,6<\/td>\n<td bgcolor=\"#E6E6E6\" align=\"CENTER\">8<\/td>\n<td bgcolor=\"#E6E6E6\" align=\"CENTER\">11<\/td>\n<td align=\"CENTER\">16<\/td>\n<td align=\"CENTER\">22<\/td>\n<td align=\"CENTER\">32<\/td>\n<td align=\"CENTER\">44<\/td>\n<\/tr>\n<tr>\n<td bgcolor=\"#E6E6FF\" align=\"CENTER\" height=\"17\">400<\/td>\n<td bgcolor=\"#E6E6FF\" align=\"CENTER\">&nbsp;<\/td>\n<td bgcolor=\"#E6E6FF\" align=\"CENTER\">5,6<\/td>\n<td bgcolor=\"#E6E6FF\" align=\"CENTER\">8<\/td>\n<td bgcolor=\"#E6E6FF\" align=\"CENTER\">11<\/td>\n<td bgcolor=\"#E6E6E6\" align=\"CENTER\">16<\/td>\n<td align=\"CENTER\">22<\/td>\n<td align=\"CENTER\">32<\/td>\n<td align=\"CENTER\">44<\/td>\n<td align=\"CENTER\">64<\/td>\n<\/tr>\n<tr>\n<td align=\"CENTER\" height=\"17\">800<\/td>\n<td align=\"CENTER\">&nbsp;<\/td>\n<td align=\"CENTER\">8<\/td>\n<td align=\"CENTER\">11<\/td>\n<td align=\"CENTER\">16<\/td>\n<td bgcolor=\"#E6E6E6\" align=\"CENTER\">22<\/td>\n<td align=\"CENTER\">32<\/td>\n<td align=\"CENTER\">44<\/td>\n<td align=\"CENTER\">64<\/td>\n<td align=\"CENTER\">88<\/td>\n<\/tr>\n<tr>\n<td align=\"CENTER\" height=\"17\">1600<\/td>\n<td align=\"CENTER\">&nbsp;<\/td>\n<td align=\"CENTER\">11<\/td>\n<td align=\"CENTER\">16<\/td>\n<td align=\"CENTER\">22<\/td>\n<td bgcolor=\"#E6E6E6\" align=\"CENTER\">32<\/td>\n<td align=\"CENTER\">44<\/td>\n<td align=\"CENTER\">64<\/td>\n<td align=\"CENTER\">88<\/td>\n<td align=\"CENTER\">128<\/td>\n<\/tr>\n<tr>\n<td align=\"CENTER\" height=\"5\">&nbsp;<\/td>\n<td align=\"CENTER\">&nbsp;<\/td>\n<td align=\"CENTER\">&nbsp;<\/td>\n<td align=\"CENTER\">&nbsp;<\/td>\n<td align=\"CENTER\">&nbsp;<\/td>\n<td bgcolor=\"#E6E6E6\" align=\"CENTER\">&nbsp;<\/td>\n<td align=\"CENTER\">&nbsp;<\/td>\n<td align=\"CENTER\">&nbsp;<\/td>\n<td align=\"CENTER\">&nbsp;<\/td>\n<td align=\"CENTER\">&nbsp;<\/td>\n<\/tr>\n<tr>\n<td align=\"CENTER\" height=\"17\">co fotografujemy<\/td>\n<td align=\"CENTER\">Q<\/td>\n<td colspan=\"8\" align=\"CENTER\">czas ekspozycji<\/td>\n<\/tr>\n<tr>\n<td align=\"CENTER\" height=\"17\"><span style=\"font-size: xx-small;\">cz\u0119\u015bciowe ND 5,0<\/span><\/td>\n<td align=\"CENTER\">8<\/td>\n<td align=\"CENTER\">1\/4000<\/td>\n<td align=\"CENTER\">1\/2000<\/td>\n<td align=\"CENTER\">1\/1000<\/td>\n<td bgcolor=\"#E6E6E6\" align=\"CENTER\">1\/500<\/td>\n<td align=\"CENTER\">1\/250<\/td>\n<td align=\"CENTER\">1\/125<\/td>\n<td align=\"CENTER\">1\/60<\/td>\n<td align=\"CENTER\">1\/30<\/td>\n<\/tr>\n<tr>\n<td align=\"CENTER\" height=\"17\"><span style=\"font-size: xx-small;\">per\u0142y Baily&#8217;ego<\/span><\/td>\n<td align=\"CENTER\">11<\/td>\n<td align=\"CENTER\">&nbsp;<\/td>\n<td align=\"CENTER\">&nbsp;<\/td>\n<td align=\"CENTER\">&nbsp;<\/td>\n<td bgcolor=\"#E6E6E6\" align=\"CENTER\">1\/4000<\/td>\n<td align=\"CENTER\">1\/2000<\/td>\n<td align=\"CENTER\">1\/1000<\/td>\n<td align=\"CENTER\">1\/500<\/td>\n<td align=\"CENTER\">1\/250<\/td>\n<\/tr>\n<tr>\n<td align=\"CENTER\" height=\"17\"><span style=\"font-size: xx-small;\">pier\u015bcie\u0144 z Diamentem<\/span><\/td>\n<td align=\"CENTER\">5<\/td>\n<td align=\"CENTER\">1\/500<\/td>\n<td align=\"CENTER\">1\/250<\/td>\n<td align=\"CENTER\">1\/125<\/td>\n<td bgcolor=\"#E6E6E6\" align=\"CENTER\">1\/60<\/td>\n<td align=\"CENTER\">1\/30<\/td>\n<td align=\"CENTER\">1\/15<\/td>\n<td align=\"CENTER\">1\/8<\/td>\n<td align=\"CENTER\">1\/4<\/td>\n<\/tr>\n<tr>\n<td align=\"CENTER\" height=\"17\"><span style=\"font-size: xx-small;\">Chromosfera<\/span><\/td>\n<td align=\"CENTER\">10<\/td>\n<td align=\"CENTER\">&nbsp;<\/td>\n<td align=\"CENTER\">&nbsp;<\/td>\n<td align=\"CENTER\">1\/4000<\/td>\n<td bgcolor=\"#E6E6E6\" align=\"CENTER\">1\/2000<\/td>\n<td align=\"CENTER\">1\/1000<\/td>\n<td align=\"CENTER\">1\/500<\/td>\n<td align=\"CENTER\">1\/250<\/td>\n<td align=\"CENTER\">1\/125<\/td>\n<\/tr>\n<tr>\n<td align=\"CENTER\" height=\"17\"><span style=\"font-size: xx-small;\">Protuberancje<\/span><\/td>\n<td align=\"CENTER\">9<\/td>\n<td align=\"CENTER\">&nbsp;<\/td>\n<td align=\"CENTER\">1\/4000<\/td>\n<td align=\"CENTER\">1\/2000<\/td>\n<td bgcolor=\"#E6E6E6\" align=\"CENTER\">1\/1000<\/td>\n<td align=\"CENTER\">1\/500<\/td>\n<td align=\"CENTER\">1\/250<\/td>\n<td align=\"CENTER\">1\/125<\/td>\n<td align=\"CENTER\">1\/60<\/td>\n<\/tr>\n<tr>\n<td align=\"CENTER\" height=\"17\"><span style=\"font-size: xx-small;\">Korona 0,1R<\/span><\/td>\n<td align=\"CENTER\">7<\/td>\n<td align=\"CENTER\">1\/2000<\/td>\n<td align=\"CENTER\">1\/1000<\/td>\n<td bgcolor=\"#E6E6FF\" align=\"CENTER\">1\/500<\/td>\n<td align=\"CENTER\">1\/250<\/td>\n<td align=\"CENTER\">1\/125<\/td>\n<td align=\"CENTER\">1\/60<\/td>\n<td align=\"CENTER\">1\/30<\/td>\n<td align=\"CENTER\">1\/15<\/td>\n<\/tr>\n<tr>\n<td align=\"CENTER\" height=\"17\"><span style=\"font-size: xx-small;\">Korona 0,2R<\/span><\/td>\n<td align=\"CENTER\">5<\/td>\n<td align=\"CENTER\">1\/500<\/td>\n<td align=\"CENTER\">1\/250<\/td>\n<td bgcolor=\"#E6E6FF\" align=\"CENTER\">1\/125<\/td>\n<td align=\"CENTER\">1\/60<\/td>\n<td align=\"CENTER\">1\/30<\/td>\n<td align=\"CENTER\">1\/15<\/td>\n<td align=\"CENTER\">1\/8<\/td>\n<td align=\"CENTER\">1\/4<\/td>\n<\/tr>\n<tr>\n<td align=\"CENTER\" height=\"17\"><span style=\"font-size: xx-small;\">Korona 0,5R<\/span><\/td>\n<td align=\"CENTER\">3<\/td>\n<td align=\"CENTER\">1\/125<\/td>\n<td align=\"CENTER\">1\/60<\/td>\n<td bgcolor=\"#E6E6FF\" align=\"CENTER\">1\/30<\/td>\n<td align=\"CENTER\">1\/15<\/td>\n<td align=\"CENTER\">1\/8<\/td>\n<td align=\"CENTER\">1\/4<\/td>\n<td align=\"CENTER\">1\/2<\/td>\n<td align=\"CENTER\">1 sek<\/td>\n<\/tr>\n<tr>\n<td align=\"CENTER\" height=\"17\"><span style=\"font-size: xx-small;\">Korona 1,0R<\/span><\/td>\n<td align=\"CENTER\">1<\/td>\n<td align=\"CENTER\">1\/30<\/td>\n<td align=\"CENTER\">1\/15<\/td>\n<td bgcolor=\"#E6E6FF\" align=\"CENTER\">1\/8<\/td>\n<td align=\"CENTER\">1\/4<\/td>\n<td align=\"CENTER\">1\/2<\/td>\n<td align=\"CENTER\">1 sek.<\/td>\n<td align=\"CENTER\">2 sek.<\/td>\n<td align=\"CENTER\">4 sek.<\/td>\n<\/tr>\n<tr>\n<td align=\"CENTER\" height=\"17\"><span style=\"font-size: xx-small;\">Korona 2,0R<\/span><\/td>\n<td align=\"CENTER\">0<\/td>\n<td align=\"CENTER\">1\/15<\/td>\n<td align=\"CENTER\">1\/8<\/td>\n<td bgcolor=\"#E6E6FF\" align=\"CENTER\">1\/4<\/td>\n<td align=\"CENTER\">1\/2<\/td>\n<td align=\"CENTER\">1 sek.<\/td>\n<td align=\"CENTER\">2 sek.<\/td>\n<td align=\"CENTER\">4 sek.<\/td>\n<td align=\"CENTER\">8 sek.<\/td>\n<\/tr>\n<tr>\n<td align=\"CENTER\" height=\"17\"><span style=\"font-size: xx-small;\">Korona 4,0R<\/span><\/td>\n<td align=\"CENTER\">-1<\/td>\n<td align=\"CENTER\">1\/8<\/td>\n<td align=\"CENTER\">1\/4<\/td>\n<td bgcolor=\"#E6E6FF\" align=\"CENTER\">1\/2<\/td>\n<td align=\"CENTER\">1 sek.<\/td>\n<td align=\"CENTER\">2 sek.<\/td>\n<td align=\"CENTER\">4 sek.<\/td>\n<td align=\"CENTER\">8 sek.<\/td>\n<td align=\"CENTER\">15 sek.<\/td>\n<\/tr>\n<tr>\n<td align=\"CENTER\" height=\"17\"><span style=\"font-size: xx-small;\">Korona 8,0R<\/span><\/td>\n<td align=\"CENTER\">-3<\/td>\n<td align=\"CENTER\">1\/2<\/td>\n<td align=\"CENTER\">1 sek.<\/td>\n<td bgcolor=\"#E6E6FF\" align=\"CENTER\">2 sek.<\/td>\n<td align=\"CENTER\">4 sek.<\/td>\n<td align=\"CENTER\">8 sek.<\/td>\n<td align=\"CENTER\">15 sek.<\/td>\n<td align=\"CENTER\">30 sek.<\/td>\n<td align=\"CENTER\">60 sek.<\/td>\n<\/tr>\n<\/tbody>\n<\/table>\n<p>&nbsp;","protected":false},"excerpt":{"rendered":"<p>Poni\u017cej podajemy typowe, sugerowane czasy kombinacje czasu ekspozycji \/ przes\u0142ony i czu\u0142o\u015bci sensora \/ filmu dla r\u00f3\u017cnych etap\u00f3w za\u0107mienia. Pami\u0119taj, \u017ce s\u0105 to sugestie, kt\u00f3re nale\u017cy zweryfikowa\u0107 &#8211; optymalnie w [&hellip;]<\/p>\n","protected":false},"author":1,"featured_media":14194,"parent":0,"menu_order":43,"comment_status":"open","ping_status":"closed","template":"","meta":{"ngg_post_thumbnail":0,"_price":"","_stock":"","_tribe_ticket_header":"","_tribe_default_ticket_provider":"","_tribe_ticket_capacity":"0","_ticket_start_date":"","_ticket_end_date":"","_tribe_ticket_show_description":"","_tribe_ticket_show_not_going":false,"_tribe_ticket_use_global_stock":"","_tribe_ticket_global_stock_level":"","_global_stock_mode":"","_global_stock_cap":"","_tribe_rsvp_for_event":"","_tribe_ticket_going_count":"","_tribe_ticket_not_going_count":"","_tribe_tickets_list":"[]","_tribe_ticket_has_attendee_info_fields":false,"_EventAllDay":false,"_EventTimezone":"","_EventStartDate":"","_EventEndDate":"","_EventStartDateUTC":"","_EventEndDateUTC":"","_EventShowMap":false,"_EventShowMapLink":false,"_EventURL":"","_EventCost":"","_EventCostDescription":"","_EventCurrencySymbol":"","_EventCurrencyCode":"","_EventCurrencyPosition":"","_EventDateTimeSeparator":"","_EventTimeRangeSeparator":"","_EventOrganizerID":[],"_EventVenueID":[],"_OrganizerEmail":"","_OrganizerPhone":"","_OrganizerWebsite":"","_VenueAddress":"","_VenueCity":"","_VenueCountry":"","_VenueProvince":"","_VenueState":"","_VenueZip":"","_VenuePhone":"","_VenueURL":"","_VenueStateProvince":"","_VenueLat":"","_VenueLng":"","_VenueShowMap":false,"_VenueShowMapLink":false,"footnotes":"","_tec_slr_enabled":"","_tec_slr_layout":""},"class_list":["post-913","page","type-page","status-publish","has-post-thumbnail","hentry"],"aioseo_notices":[],"jetpack_sharing_enabled":true,"ticketed":false,"_links":{"self":[{"href":"https:\/\/eclipses.eu\/index.php\/wp-json\/wp\/v2\/pages\/913","targetHints":{"allow":["GET"]}}],"collection":[{"href":"https:\/\/eclipses.eu\/index.php\/wp-json\/wp\/v2\/pages"}],"about":[{"href":"https:\/\/eclipses.eu\/index.php\/wp-json\/wp\/v2\/types\/page"}],"author":[{"embeddable":true,"href":"https:\/\/eclipses.eu\/index.php\/wp-json\/wp\/v2\/users\/1"}],"replies":[{"embeddable":true,"href":"https:\/\/eclipses.eu\/index.php\/wp-json\/wp\/v2\/comments?post=913"}],"version-history":[{"count":1,"href":"https:\/\/eclipses.eu\/index.php\/wp-json\/wp\/v2\/pages\/913\/revisions"}],"predecessor-version":[{"id":14679,"href":"https:\/\/eclipses.eu\/index.php\/wp-json\/wp\/v2\/pages\/913\/revisions\/14679"}],"wp:featuredmedia":[{"embeddable":true,"href":"https:\/\/eclipses.eu\/index.php\/wp-json\/wp\/v2\/media\/14194"}],"wp:attachment":[{"href":"https:\/\/eclipses.eu\/index.php\/wp-json\/wp\/v2\/media?parent=913"}],"curies":[{"name":"wp","href":"https:\/\/api.w.org\/{rel}","templated":true}]}}